61844?
False
Is 3950327 a multiple of 2?
False
Is 484 a factor of 24624323?
False
Is 45 a factor of 8237784?
False
Does 1591 divide 407338754?
False
Does 18 divide 14990993?
False
Does 2294 divide 4745606976?
True
Is 7 a factor of 1037027670?
True
Does 83 divide 90802508?
False
Is 15 a factor of 356150264?
False
Is 126531292 a multiple of 438?
False
Is 3922 a factor of 9644198?
True
Is 95782801 a multiple of 44?
False
Is 5993910 a multiple of 545?
True
Is 102 a factor of 2227272?
True
Is 144365496 a multiple of 50?
False
Does 1796 divide 164896265?
False
Does 9 divide 679371092?
False
Does 1046 divide 20297122?
False
Does 143 divide 32686065?
False
Is 83 a factor of 43446184?
True
Does 138 divide 269791041?
False
Is 127644500 a multiple of 425?
True
Is 106794834 a multiple of 43?
False
Is 118632336 a multiple of 16?
True
Is 160 a factor of 46931040?
True
Is 522 a factor of 15378120?
True
Is 1545 a factor of 103749840?
True
Is 56 a factor of 1610407284?
False
Is 114413912 a multiple of 139?
False
Is 7317 a factor of 1413834642?
True
Does 2050 divide 146663150?
True
Is 17452886 a multiple of 1034?
True
Does 174 divide 105290358?
True
Is 2617 a factor of 93230625?
True
Is 347445 a multiple of 15?
True
Is 29 a factor of 253831490?
True
Does 149 divide 4014656?
True
Is 2943515947 a multiple of 27?
False
Is 6642 a factor of 1784260661?
False
Is 4669 a factor of 33747532?
True
Does 1581 divide 102616760?
False
Is 966 a factor of 295955352?
True
Does 460 divide 319912060?
True
Is 13 a factor of 1952522806?
True
Is 597024 a multiple of 6?
True
Is 9 a factor of 6117484?
False
Does 64 divide 7629184?
True
Does 77 divide 298124981?
True
Does 118 divide 2628300?
False
Is 245 a factor of 59351740?
True
Does 74 divide 110837126?
True
Is 21 a factor of 15011430?
True
Is 12 a factor of 1532000?
False
Is 6360 a factor of 162408314?
False
Does 49 divide 714568519?
True
Does 21 divide 23317875?
True
Is 30792103 a multiple of 126?
False
Is 19742253 a multiple of 743?
True
Does 4 divide 46306632?
True
Is 12552070 a multiple of 291?
False
Is 6127 a factor of 217869993?
True
Is 40671240 a multiple of 10?
True
Is 30 a factor of 125522070?
True
Does 207 divide 45044028?
True
Does 616 divide 2461827368?
True
Is 135 a factor of 95763465?
True
Is 4485 a factor of 296751214?
False
Is 697 a factor of 2292411393?
True
Is 157 a factor of 192584687?
False
Is 21936987 a multiple of 537?
True
Is 64731398 a multiple of 194?
True
Is 446995472 a multiple of 16?
True
Is 262 a factor of 475026670?
False
Does 91 divide 736216663?
True
Is 3861244497 a multiple of 6708?
False
Is 377 a factor of 98394738?
True
Is 677 a factor of 445880812?
False
Is 109 a factor of 1722418?
True
Is 3245 a factor of 1124548260?
True
Is 1894616548 a multiple of 962?
False
Is 27118560 a multiple of 560?
True
Is 111279844 a multiple of 1417?
True
Is 945228192 a multiple of 17?
False
Does 46 divide 13357434?
True
Does 6 divide 36184563?
False
Is 56207069 a multiple of 894?
False
Does 293 divide 399652?
True
Does 710 divide 167729690?
True
Does 615 divide 2234877405?
True
Is 1763 a factor of 822223056?
False
Does 1190 divide 134663970?
True
Does 1518 divide 1266901450?
False
Is 108 a factor of 182680721?
False
Is 1286020776 a multiple of 135?
False
Does 20 divide 2708580?
True
Is 397818720 a multiple of 2690?
True
Is 119743453 a multiple of 5?
False
Does 1507 divide 1378817594?
True
Is 3 a factor of 5279824?
False
Does 159 divide 26189049?
True
Does 33 divide 1974878817?
False
Is 29 a factor of 14001157?
False
Does 129 divide 305847390?
True
Is 36648341 a multiple of 586?
False
Is 833 a factor of 24281259?
False
Is 2266 a factor of 608316764?
True
Does 174 divide 512570307?
False
Is 13061355 a multiple of 5?
True
Is 38738920 a multiple of 44?
True
Is 35748818 a multiple of 14?
True
Is 25010662 a multiple of 5?
False
Is 513 a factor of 8759910?
False
Is 326670421 a multiple of 78?
False
Does 73 divide 293134055?
True
Does 80 divide 2885758960?
True
Is 3667 a factor of 1237326675?
False
Does 2346 divide 18075048?
False
Is 79299350 a multiple of 13?
True
Is 1320603 a multiple of 11?
False
Does 277 divide 33612565?
True
Is 44305830 a multiple of 1845?
True
Is 234 a factor of 291091554?
True
Is 56 a factor of 210305372?
False
Does 179 divide 490371204?
False
Is 51 a factor of 838209276?
True
Is 59621639 a multiple of 9?
False
Is 25 a factor of 221276075?
True
Is 15844033 a multiple of 349?
False
Does 13 divide 1106645098?
True
Is 15258957 a multiple of 133?
True
Does 256 divide 636065792?
True
Is 9 a factor of 17655107?
False
Does 11 divide 172331301?
False
Is 1863597480 a multiple of 10?
True
Is 123 a factor of 22246395?
True
Is 240 a factor of 38320581?
False
Does 53 divide 25863077?
False
Is 4998 a factor of 616598262?
True
Is 33792830 a multiple of 10?
True
Is 21 a factor of 203932827?
True
Does 109 divide 91117111?
False
Is 4843 a factor of 3062440555?
False
Does 24 divide 49679291?
False
Is 61312261 a multiple of 9?
False
Does 41 divide 23009849?
False
Is 9204090 a multiple of 14?
True
Does 21 divide 200930289?
True
Is 306 a factor of 402996045?
False
Does 143 divide 2121563?
False
Is 122547015 a multiple of 41?
False
Is 17 a factor of 820097901?
True
Is 1891468 a multiple of 279?
False
Is 3738846722 a multiple of 6379?
True
Is 998012543 a multiple of 353?
True
Is 70517278 a multiple of 14?
False
Is 99 a factor of 4882632?
False
Does 12 divide 3142308?
True
Is 1775 a factor of 355738351?
False
Does 5 divide 57077991?
False
Is 194198729 a multiple of 1283?
True
Is 11 a factor of 5792745134?
True
Is 3658 a factor of 659647140?
True
Is 22497173 a multiple of 317?
True
Does 715 divide 5280990?
True
Is 770190703 a multiple of 16?
False
Does 160 divide 127757950?
False
Does 129 divide 65378877?
True
Is 315 a factor of 1884239835?
False
Is 29266187 a multiple of 123?
False
Does 23 divide 10186723?
True
Does 441 divide 15999481?
False
Is 41 a factor of 5881133070?
True
Does 1674 divide 7472736?
True
Is 6 a factor of 301621865?
False
Is 39 a factor of 223214706?
True
Is 2055 a factor of 795689835?
True
Is 4354 a factor of 186444045?
False
Is 118 a factor of 71110576?
True
Is 11 a factor of 425825293?
False
Does 2 divide 7197022?
True
Does 222 divide 345409730?
False
Does 146 divide 170366596?
False
Does 246 divide 11130968?
False
Does 2402 divide 46728508?
True
Is 60786373 a multiple of 1437?
False
Does 2 divide 72697678?
True
Is 444817527 a multiple of 3241?
True
Is 26733494 a multiple of 722?
True
Is 222224580 a multiple of 4?
True
Does 922 divide 1725338?
False
Is 34530448 a multiple of 12?
False
Is 75677160 a multiple of 3492?
False
Does 1003 divide 2760793000?
False
Is 150068285 a multiple of 16?
False
Does 3639 divide 225478874?
False
Is 136430806 a multiple of 42?
False
Is 196 a factor of 195461763?
False
Is 12 a factor of 10308297?
False
Does 4632 divide 1362209982?
False
Is 5570815 a multiple of 5?
True
Does 44 divide 1049620?
True
Is 1941505599 a multiple of 1419?
True
Does 864 divide 93235968?
True
Is 674 a factor of 7250892?
True
Does 141 divide 31680726?
True
Is 34 a factor of 23384040?
False
Is 299 a factor of 89321785?
False
Does 78 divide 616816980?
True
Is 118 a factor of 2308970428?
True
Does 11 divide 75264992?
True
Is 18 a factor of 782029854?
True
Is 298534397 a multiple of 6?
False
Is 109 a factor of 123427995?
False
Is 181086300 a multiple of 141?
True
Is 2871 a factor of 1195889210?
False
Is 26753636 a multiple of 17?
False
Does 56 divide 8203918?
False
Is 36 a factor of 558804348?
True
Does 2565 divide 52477335?
True
Is 3 a factor of 594241885?
False
Is 219430512 a multiple of 1008?
True
Is 1166132401 a multiple of 8263?
True
Is 33718254 a multiple of 24?
False
Is 1710349519 a multiple of 14?
False
Is 10 a factor of 6617308?
False
Does 88 divide 129829981?
False
Is 34 a factor of 394283?
False
Is 45871177 a multiple of 11?
True
Does 96 divide 559146607?
False
Does 391 divide 1648838789?
True
Is 130239097 a multiple of 887?
True
Is 1194 a factor of 12236112?
True
Does 179 divide 69807136?
True
Does 99 divide 29146689?
True
Is 399765296 a multiple of 8?
True
Is 48867452 a multiple of 4534?
True
Does 99 divide 783075447?
True
Is 10048650 a multiple of 31?
True
Is 48249557 a multiple of 106?
F